 + 15*k + 7. Suppose 10 = -2*d, 5*f + 18*d = 14*d - 105. Give m(f).
41
Let g(k) = k**2 - 14*k - 3. Let w be (15/2)/((-3)/(-6)). Determine g(w).
12
Let n(t) = -t**3 - 8*t**2 + 10*t + 7. Let p = 36 + -45. What is n(p)?
-2
Let g(r) be the second derivative of 11*r + 0*r**2 + 1/360*r**6 + 1/3*r**3 + 0 + 0*r**4 + 1/120*r**5. Let s(y) be the second derivative of g(y). What is s(-1)?
0
Let l be (2*1)/(2 + 4/(-3)). Suppose -3*t + 0 = -2*m + 7, -m - 10 = l*t. Let x(c) = c**3 + 4*c**2 + 2*c + 2. Give x(t).
5
Let y(k) = 3*k - 6. Let h = 29 - 2. Suppose -5*s + h + 3 = 0. Suppose 3*l - 12 - s = 0. Calculate y(l).
12
Suppose 26*h - 20 = 16*h. Let r(t) = 14*t - 2. What is r(h)?
26
Suppose -4 = -5*p - l + 10, p - 2 = -l. Suppose 22 = -b - 3*b - 2*x, 3*x + p = -b. Let m(i) = -4*i + i - 4 + 2*i. What is m(b)?
2
Let i = 206 - 203. Let y(f) be the second derivative of f**4/12 - f**3/2 - 3*f**2/2 + 4*f. What is y(i)?
-3
Let a = 9 - 8. Let d(q) be the first derivative of q**5/20 + 5*q - 6. Let u(g) be the first derivative of d(g). Calculate u(a).
1
Let s(i) be the first derivative of i**6/120 - i**5/20 - i**4/8 - i**3/3 - 21*i**2/2 + 18. Let l(c) be the second derivative of s(c). What is l(3)?
-11
Let i = -65 + 66. Let m be (2 + 1)/3 + 2. Let h(y) = -2*y**2 + 4*y**3 + 2*y**m + 3*y**3 + y**2. What is h(i)?
8
Let o(b) = 6*b**2 + b + 1. Suppose 36 = -3*d + 7*d. Suppose 0*s + 9*s + d = 0. What is o(s)?
6
Let x(f) be the third derivative of 7/24*f**4 + 0 + 5*f**2 + 5/6*f**3 + 0*f + 1/60*f**5. Let a = -1 - 5. Determine x(a).
-1
Let g(n) = -n**3 - 5*n**2 - n + 1. Let i be 1/((-21)/14*(-4)/(-6)). Let w(c) = 4*c**3 + c**2 + 4*c + 2. Let l be w(i). Give g(l).
6
Let b(o) be the second derivative of -o**3/6 - 5*o**2/2 - 2*o. Suppose z + 0 + 3 = a, 0 = 3*a + 2*z + 6. What is b(a)?
-5
Let r be (-4 + 13)*3/(-9). Let a(z) = -2*z - 1. Let b be a(r). Let w(m) = 2*m**2 + 5*m + 6 + 4*m**2 - m**3 - 2*m**2. Give w(b).
6
Suppose -13 = -0*r - r. Suppose 33 - r = 4*z. Let c(h) = -h**2 + 4*h + 7. Determine c(z).
2
Let o(q) = -q**2 + 14*q - 18. Let j(h) = -13*h**3 - 2*h - 3. Let y be j(-1). Give o(y).
6
Let z(p) = -p**2 - 2*p - 2. Suppose -c = -4*v - 14, -4*c = -2*c + 4*v + 20. Calculate z(c).
-2
Let l(v) = v + 15. Let g be -7 + 18/(-6) + -3. What is l(g)?
2
Let h(m) be the first derivative of -m**2 + 3. Let x(i) = 2*i + 5 + 1 - 3*i. Let s be x(4). Determine h(s).
-4
Let b be 126/105*(3 + 28/(-6)). Let c(u) be the second derivative of 0 + u + 1/3*u**3 + 1/4*u**4 - u**2. Give c(b).
6
Suppose -17 = -12*k + 31. Let p(u) = -k*u**3 + 1 - 5*u**2 + 0 + 10*u**2 + 5*u**3 - u. What is p(-5)?
6
Let a = -340 + 352. Let d(u) = -u**2 + 8*u + 13. What is d(a)?
-35
Let b be -5 + (-12)/(-8) + 4. Let f(d) be the first derivative of -b*d**2 + d + 2. Calculate f(1).
0
Let g be (14 + (-4 - -1))*2. Let o(a) = -27 + a + 49 - g. Give o(5).
5
Let b(d) = 7*d**3 + 10*d**2 - 7*d + 9. Let l(z) = -2*z**3 - z. Let w(s) = b(s) + 3*l(s). Determine w(-11).
-2
Let b(t) = -18 + 8 + 5 + 18 - 28*t**2 + 29*t**2 - 8*t. What is b(5)?
-2
Let v = -15 - -17. Let f(y) = -y**3 + y**2 + y. Let k = 5 - 4. Let t(m) = 3*m**3. Let l(j) = k*t(j) + v*f(j). Determine l(-2).
-4
Let f be (-164)/36 + 4 + (-8)/18. Let z(s) = -4*s**3 - s**2 - 2*s - 1. Give z(f).
4
Let n(p) = p - 2. Let u(m) = -2*m**3 + 2*m**2 + 7*m - 2. Let y = 22 + -19. Let o be u(y). Let r = -14 - o. Give n(r).
1
Let n(v) = -9*v + 6. Let p be 5 + -4 + 9 + 108/(-18). Calculate n(p).
-30
Suppose 4*t - 25 = 39. Suppose -4*i + 0*i - t = 0. Let q = -1 + i. Let h(g) = g + 9. Determine h(q).
4
Let y(t) be the third derivative of -t**5/60 - t**4/2 - 8*t**3/3 - 6*t**2 + 30. Calculate y(-11).
-5
Let p(q) = 10*q**2 + 18*q - 2. Let v be p(-2). Let j(n) be the second derivative of 1/6*n**3 + 6*n + 0 - 1/2*n**v. Calculate j(-4).
-5
Let z(w) = w**2 - 6*w + 4. Let c be (4/6)/((-50)/(-15) - 4). Let a be 3/c - 2*8/(-2). Give z(a).
-1
Let s be ((-78)/(-4))/((-11)/(-22)). Let h = 33 - s. Let c(j) = j**2 + 7*j + 2. Calculate c(h).
-4
Let b(m) = -168*m - 9 + 159*m - m**2 - 1. Suppose -z + 7*z = -48. Give b(z).
-2
Let q = 52 + -45. Let d(t) = -3*t**3 - 4*t**2 + 6*t + 4. Let o(u) = -2*u**3 - 5*u**2 + 6*u + 5. Let i(f) = 3*d(f) - 4*o(f). Determine i(q).
-1
Let g(b) = 2*b + 5. Let w be g(7). Suppose -5*u + 5*d - 3*d - w = 0, -4*u - 11 = -3*d. Let i(x) = -x**2 - 6*x + 3. Calculate i(u).
8
Let o(d) = 3*d - 33. Let l = 1525 - 1508. Give o(l).
18
Let d(t) = t**2 + 9*t + 11. Let i(n) = -3*n - 6. Let q(k) = -6*k - 13. Let r(m) = 7*i(m) - 3*q(m). Let s be r(2). Give d(s).
11
Let q = 1201 - 1209. Let a(x) = -x**2 - 11*x - 13. Calculate a(q).
11
Let i(s) be the second derivative of 5/12*s**4 + 0 - 4*s + 1/2*s**3 - 3/2*s**2 + 1/20*s**5. Let w = -12 + 8. Give i(w).
1
Suppose -4*l + 3*l = -5. Let h(i) = i**3 - 4*i**2 - 5*i - 2. Let y be h(l). Let x(u) = -u**2 + 2*u. Calculate x(y).
-8
Suppose 0 = -2*r - 3*s - 3, -3*s + 8*s - 15 = 0. Let c(b) = 9*b - 28. Let x(q) = -5*q + 14. Let k(v) = -6*c(v) - 11*x(v). What is k(r)?
8
Suppose -4 = 2*d + 4. Let l = -8 - d. Let s(m) = -2*m**2 + 7*m + 8. Let a(j) = j**2 - 3*j - 4. Let n(o) = 13*a(o) + 6*s(o). Give n(l).
0
Let c(l) = -2*l**2 + 2*l. Let i(v) = -v**2 + 1. Suppose 2*m = 4, 2*m = -5*f + 4*f + 3. Let o(j) = f*c(j) - i(j). Suppose 5*d - 2 = 4*d. Determine o(d).
7
Let q(t) = t + 2. Let a(h) = 35*h - 242. Let c be a(7). Give q(c).
5
Let q(x) = -7*x**3 + 2*x - 1. Let w(n) = -9*n**3 + n**2 + 3*n - 2. Let d(c) = 4*q(c) - 3*w(c). Calculate d(-2).
0
Let q(j) = j**3 - 3*j**2 + j - 1. Let t be (-3)/(-15) - 168/(-60). What is q(t)?
2
Let q(h) = -h**2 - 3. Let k = -7 - -7. Let w be q(k). Let o(v) = -5*v**2 + 10*v + 4. Let j(d) = -7*d**2 + 12*d + 5. Let a(b) = -3*j(b) + 4*o(b). Determine a(w).
-2
Let a(t) = -t**2 - 9*t + 14. Suppose -48 = 7*q - 3*q + 4*b, 5*q + 56 = -3*b. Give a(q).
4
Suppose 12*c - 18*c - 6 = 0. Let g(o) = 3*o**2 - o + 4. Let b(k) be the third derivative of k**5/60 + k**4/24 - k**2. Let u(d) = c*g(d) + 4*b(d). What is u(-6)?
2
Let f(z) = z**3 - 4*z**2 + 2*z + 2. Suppose -2 - 14 = k. Let m be 25/75 + k/(-6). Determine f(m).
-1
Let m = 56 - 29. Let t = 29 - m. Let v(o) = -3*o**3 + 3*o**2 + o - 2. Give v(t).
-12
Let q(n) be the first derivative of n**4/4 - 5*n**3/3 + 5*n + 422. Give q(5).
5
Let p be ((-2)/3)/((-4)/6). Let o(c) be the second derivative of -c**3/3 - c**2/2 - 3*c - 124. Determine o(p).
-3
Let u(a) = -a**2 + 11*a - 18. Let r be u(8). Let x(t) = -24 - 20 + r*t + 46. Give x(3).
20
Suppose -p = -3*i + 5*i + 1, -5*i + 5 = 5*p. Suppose 6*r = r + 5. Let j(h) = -h - h**2 - h**3 + 5*h - 3*h - r. Determine j(i).
1
Let b(u) be the first derivative of -u**2 + 3*u - 24. Let i(a) = 2*a - 4. Let v = -7 + 1. Let d(l) = v*i(l) - 5*b(l). What is d(7)?
-5
Let o(c) = -c + 17. Let z be o(12). Let s(q) = 3 + 3*q - z + 4. What is s(-3)?
-7
Let n(x) be the first derivative of -x**3/3 + 5*x - 1. Let f(s) = -s**3 + 13*s**2 - s + 14. Let k be f(13). Let b(t) = -t**2 + 1. Let p be b(k). Calculate n(p).
5
Let y(v) = 2*v**3 - 43*v + 10*v**2 + 129*v - 2 - 101*v. Give y(-6).
16
Let r = -57 + 59. Let l(c) = 1 + c - c - 12*c + r*c. Calculate l(1).
-9
Let c(f) = -f**3 - 6*f**2 + 8*f - 6. Suppose 0 = -27*k + 24*k + 3. Suppose 4*i + 27 = -k. Calculate c(i).
-13
Let f(c) = -c**3 + 11*c**2 - 11*c + 12. Let u be f(10). Let d(a) = a**2 - u + 0 + 4*a + 1 + 0. Calculate d(-4).
-1
Let g(y) = -7*y - 31 - 31 + 73. Let a(h) = -6*h + 10. Let u(w) = 5*a(w) - 4*g(w). Determine u(8).
-10
Let l(w) be the second derivative of -w**3/6 + w**2 + 22*w + 5. Suppose 3*x + 4 = q, -8 = 3*x - 4*x + 5*q. Give l(x).
4
Let w = -590 + 583. Let q(f) = 2*f**2 + 9*f - 10. Determine q(w).
25
Let g(k) = k**2 + 4*k + 1. Let a(r) = r - 1. Let y(l) = -3*a(l) - g(l). Let u(j) = j**2 + 7*j + 5. Let h be u(-5). Determine y(h).
12
Let c(q) = -q**2 - 19*q - 34. Let w be c(-16). Let h(r) = -w + 6 + r + 15. What is h(-5)?
2
Suppose -85 + 79 = -2*r. Let f(i) be the first derivative of -1 + 3/2*i**2 + r*i. Calculate f(4).
15
Let f = 141 - 139. Let v(a) = -a**2 - 2*a + 3. Determine v(f).
-5
Let n(o) = -o**2 + o - 4. Let j be -3 - (2 + -3) - (1 - 1). Let k(d) = -5*d + 5. Let w(m) = 3*m - 3. Let c(i) = -4*k(i) - 7*w(i). Let s be c(j). Calculate n(s).
-10
Let l(k) = -k**2 - 2*k + 4. Suppose -33*v - 17 = -31*v - 3*j, -3 = -j. Determine l(v)